{"id":70,"date":"2016-11-24T15:14:50","date_gmt":"2016-11-24T15:14:50","guid":{"rendered":"http:\/\/v2.itmgmbh.net\/wordpress\/?page_id=70"},"modified":"2020-04-06T11:14:46","modified_gmt":"2020-04-06T11:14:46","slug":"warum-itm-sourcing","status":"publish","type":"page","link":"https:\/\/itmtools.de\/?page_id=70","title":{"rendered":"Warum ITM-Sourcing?"},"content":{"rendered":"<div id=\"pl-70\"  class=\"panel-layout\" ><div id=\"pg-70-0\"  class=\"panel-grid panel-has-style\" ><div class=\"siteorigin-panels-stretch panel-row-style panel-row-style-for-70-0\" data-stretch-type=\"full-stretched\" ><div id=\"pgc-70-0-0\"  class=\"panel-grid-cell\" ><div id=\"panel-70-0-0-0\" class=\"so-panel widget widget_sow-editor panel-first-child panel-last-child\" data-index=\"0\" ><div class=\"container panel-widget-style panel-widget-style-for-70-0-0-0\" ><div\n\t\t\t\n\t\t\tclass=\"so-widget-sow-editor so-widget-sow-editor-base\"\n\t\t\t\n\t\t>\n<div class=\"siteorigin-widget-tinymce textwidget\">\n\t<h1 class=\"animated fadeInUp thin-black\" style=\"text-align: center;background:rgba(0,0,0,0.1);\">Warum ITM-Sourcing?<\/h1>\n<hr class=\"soften\" \/>\n\n<div class=\"su-row\"><div class=\"su-column su-column-size-1-2\"><div class=\"su-column-inner su-u-clearfix su-u-trim\">\n<div class=\"col-md-3\"><img decoding=\"async\" class=\"img-circle img-responsive img-thumbnail center-block\" src=\"https:\/\/www.itmgmbh.net\/wp-content\/uploads\/2019\/11\/LMjr.jpg\" alt=\"Ljube Mikulovic\" width=\"150\" \/><\/div>\n<div class=\"col-md-9\">\n<ul class=\"list-group\" style=\"margin-top: 10px;\">\n \t<li class=\"list-group-item line-group-item-pad3 center\"><span class=\"label label-danger\">Ansprechpartner:<\/span>\u00a0\u00a0Ljube Mikulovic jun.<\/li>\n \t<li class=\"list-group-item line-group-item-pad3 center\"><em class=\"fa fa-phone fa-lg red\">\u00a0 \u00a0<\/em>+49 8031 3506200<\/li>\n \t<li class=\"list-group-item line-group-item-pad3 center\"><em class=\"fa fa-envelope red\">\u00a0\u00a0<\/em> <a href=\"mailto:info@itmgmbh.net\">info(at)itmgmbh.net<\/a><\/li>\n<\/ul><\/div>\n<div class=\"clearfix\"><\/div>\n<\/div><\/div>\n<div class=\"su-column su-column-size-1-2\"><div class=\"su-column-inner su-u-clearfix su-u-trim\">\n<div class=\"col-md-3\"><img decoding=\"async\" class=\"img-responsive img-circle img-thumbnail center-block\" src=\"https:\/\/itmtools.de\/wp-content\/uploads\/2019\/11\/LM.jpg\" alt=\"Ljubodrag Mikulovic\" width=\"150\" \/><\/div>\n<div class=\"col-md-9\">\n<ul class=\"list-group\" style=\"margin-top: 10px;\">\n \t<li class=\"list-group-item line-group-item-pad3 center\"><span class=\"label label-danger\">Ansprechpartner:<\/span>\u00a0\u00a0Ljubodrag Mikulovic<\/li>\n \t<li class=\"list-group-item line-group-item-pad3 center\"><em class=\"fa fa-phone fa-lg red\">\u00a0 \u00a0<\/em>+49 8031 3506200<\/li>\n \t<li class=\"list-group-item line-group-item-pad3 center\"><em class=\"fa fa-envelope red\">\u00a0 <a href=\"mailto:l.mikulovic@itmgmbh.net\">l.mikulovic(at)itmgmbh.net<\/a>\n<\/em><\/li>\n<\/ul>\n<\/div>\n<div class=\"clearfix\"><\/div>\n<\/div><\/div><\/div><\/div>\n<\/div><\/div><\/div><\/div><\/div><\/div><div id=\"pg-70-1\"  class=\"panel-grid panel-has-style\" ><div class=\"container panel-row-style panel-row-style-for-70-1\" ><div id=\"pgc-70-1-0\"  class=\"panel-grid-cell\" ><div id=\"panel-70-1-0-0\" class=\"so-panel widget widget_sow-editor panel-first-child panel-last-child\" data-index=\"1\" ><div class=\"container panel-widget-style panel-widget-style-for-70-1-0-0\" ><div\n\t\t\t\n\t\t\tclass=\"so-widget-sow-editor so-widget-sow-editor-base\"\n\t\t\t\n\t\t>\n<div class=\"siteorigin-widget-tinymce textwidget\">\n\t<ul class=\"list-group\">\n<li class=\"list-group-item\">Wollen Sie mit Ihrem Team Spitzenleistung dauerhaft sichern und erbringen k\u00f6nnen?<\/li>\n<li class=\"list-group-item\">Wie wird Spitzenleistung definiert?<\/li>\n<li class=\"list-group-item\">Wie definieren Sie Spitzenleistung f\u00fcr sich selbst und Ihr Team?<\/li>\n<\/ul>\n<\/div>\n<\/div><\/div><\/div><\/div><div id=\"pgc-70-1-1\"  class=\"panel-grid-cell\" ><div id=\"panel-70-1-1-0\" class=\"so-panel widget widget_sow-editor panel-first-child panel-last-child\" data-index=\"2\" ><div class=\"container panel-widget-style panel-widget-style-for-70-1-1-0\" ><div\n\t\t\t\n\t\t\tclass=\"so-widget-sow-editor so-widget-sow-editor-base\"\n\t\t\t\n\t\t>\n<div class=\"siteorigin-widget-tinymce textwidget\">\n\t<ul class=\"list-group\">\n<li class=\"list-group-item\">In einem sind sich die Experten \u00fcber alle Bereiche hinweg einig:<br \/>\nSpitzenleistung ist nur dann dauerhaft m\u00f6glich, wenn wir uns ausschlie\u00dflich auf unsere Kernkompetenz konzentrieren.<\/li>\n<li class=\"list-group-item\">Was ist Ihre Kernkompetenz?<\/li>\n<li class=\"list-group-item\">\u00dcberlassen Sie Ihre EDV Aufgaben uns, Sie gehen damit die n\u00e4chsten Schritte Richtung Spitzenleistung.<\/li>\n<\/ul>\n<\/div>\n<\/div><\/div><\/div><\/div><\/div><\/div><div id=\"pg-70-2\"  class=\"panel-grid panel-no-style\" ><div id=\"pgc-70-2-0\"  class=\"panel-grid-cell\" ><div id=\"panel-70-2-0-0\" class=\"so-panel widget widget_sow-editor panel-first-child panel-last-child\" data-index=\"3\" ><div class=\"container panel-widget-style panel-widget-style-for-70-2-0-0\" ><div\n\t\t\t\n\t\t\tclass=\"so-widget-sow-editor so-widget-sow-editor-base\"\n\t\t\t\n\t\t>\n<div class=\"siteorigin-widget-tinymce textwidget\">\n\t<p class=\"p1\" style=\"text-align: center;\"><span class=\"s1\">Werden Sie spitze!<\/span><\/p>\n<p class=\"p2\" style=\"text-align: center;\"><span class=\"s1\">Spitzenleistung braucht Begeisterung und Leidenschaft!<\/span><\/p>\n<p class=\"p3\" style=\"text-align: center;\"><span class=\"s1\"><b>ITM-Sourcing - ITM ASP im DATEV Rechenzetrum<\/b><\/span><\/p>\n<\/div>\n<\/div><\/div><\/div><\/div><\/div><\/div>","protected":false},"excerpt":{"rendered":"<p>Warum ITM-Sourcing? Wollen Sie mit Ihrem Team Spitzenleistung dauerhaft sichern und erbringen k\u00f6nnen? Wie wird Spitzenleistung definiert? Wie definieren Sie Spitzenleistung f\u00fcr sich selbst und Ihr Team? In einem sind sich die Experten \u00fcber alle Bereiche hinweg einig: Spitzenleistung ist nur dann dauerhaft m\u00f6glich, wenn wir uns ausschlie\u00dflich auf unsere Kernkompetenz konzentrieren. Was ist Ihre [&hellip;]<\/p>\n","protected":false},"author":1,"featured_media":0,"parent":0,"menu_order":0,"comment_status":"closed","ping_status":"closed","template":"","meta":{"footnotes":""},"class_list":["post-70","page","type-page","status-publish","hentry"],"yoast_head":"<!-- This site is optimized with the Yoast SEO plugin v27.2 - https:\/\/yoast.com\/product\/yoast-seo-wordpress\/ -->\n<title>Warum ITM-Sourcing? - itm-sourcing.net<\/title>\n<meta name=\"robots\" content=\"index, follow, max-snippet:-1, max-image-preview:large, max-video-preview:-1\" \/>\n<link rel=\"canonical\" href=\"https:\/\/itmtools.de\/?page_id=70\" \/>\n<meta property=\"og:locale\" content=\"en_US\" \/>\n<meta property=\"og:type\" content=\"article\" \/>\n<meta property=\"og:title\" content=\"Warum ITM-Sourcing? - itm-sourcing.net\" \/>\n<meta property=\"og:description\" content=\"Warum ITM-Sourcing? Wollen Sie mit Ihrem Team Spitzenleistung dauerhaft sichern und erbringen k\u00f6nnen? Wie wird Spitzenleistung definiert? Wie definieren Sie Spitzenleistung f\u00fcr sich selbst und Ihr Team? In einem sind sich die Experten \u00fcber alle Bereiche hinweg einig: Spitzenleistung ist nur dann dauerhaft m\u00f6glich, wenn wir uns ausschlie\u00dflich auf unsere Kernkompetenz konzentrieren. Was ist Ihre [&hellip;]\" \/>\n<meta property=\"og:url\" content=\"https:\/\/itmtools.de\/?page_id=70\" \/>\n<meta property=\"og:site_name\" content=\"itm-sourcing.net\" \/>\n<meta property=\"article:publisher\" content=\"https:\/\/www.facebook.com\/ITM-GmbH-167575009959452\" \/>\n<meta property=\"article:modified_time\" content=\"2020-04-06T11:14:46+00:00\" \/>\n<meta property=\"og:image\" content=\"https:\/\/www.itmgmbh.net\/wp-content\/uploads\/2019\/11\/LMjr.jpg\" \/>\n<meta name=\"twitter:card\" content=\"summary_large_image\" \/>\n<meta name=\"twitter:site\" content=\"@itmgmbh\" \/>\n<meta name=\"twitter:label1\" content=\"Est. reading time\" \/>\n\t<meta name=\"twitter:data1\" content=\"1 minute\" \/>\n<script type=\"application\/ld+json\" class=\"yoast-schema-graph\">{\"@context\":\"https:\/\/schema.org\",\"@graph\":[{\"@type\":\"WebPage\",\"@id\":\"https:\/\/itmtools.de\/?page_id=70\",\"url\":\"https:\/\/itmtools.de\/?page_id=70\",\"name\":\"Warum ITM-Sourcing? - itm-sourcing.net\",\"isPartOf\":{\"@id\":\"https:\/\/itmtools.de\/#website\"},\"primaryImageOfPage\":{\"@id\":\"https:\/\/itmtools.de\/?page_id=70#primaryimage\"},\"image\":{\"@id\":\"https:\/\/itmtools.de\/?page_id=70#primaryimage\"},\"thumbnailUrl\":\"https:\/\/www.itmgmbh.net\/wp-content\/uploads\/2019\/11\/LMjr.jpg\",\"datePublished\":\"2016-11-24T15:14:50+00:00\",\"dateModified\":\"2020-04-06T11:14:46+00:00\",\"breadcrumb\":{\"@id\":\"https:\/\/itmtools.de\/?page_id=70#breadcrumb\"},\"inLanguage\":\"en-US\",\"potentialAction\":[{\"@type\":\"ReadAction\",\"target\":[\"https:\/\/itmtools.de\/?page_id=70\"]}]},{\"@type\":\"ImageObject\",\"inLanguage\":\"en-US\",\"@id\":\"https:\/\/itmtools.de\/?page_id=70#primaryimage\",\"url\":\"https:\/\/www.itmgmbh.net\/wp-content\/uploads\/2019\/11\/LMjr.jpg\",\"contentUrl\":\"https:\/\/www.itmgmbh.net\/wp-content\/uploads\/2019\/11\/LMjr.jpg\"},{\"@type\":\"BreadcrumbList\",\"@id\":\"https:\/\/itmtools.de\/?page_id=70#breadcrumb\",\"itemListElement\":[{\"@type\":\"ListItem\",\"position\":1,\"name\":\"Home\",\"item\":\"https:\/\/itmtools.de\/\"},{\"@type\":\"ListItem\",\"position\":2,\"name\":\"Warum ITM-Sourcing?\"}]},{\"@type\":\"WebSite\",\"@id\":\"https:\/\/itmtools.de\/#website\",\"url\":\"https:\/\/itmtools.de\/\",\"name\":\"itm-sourcing.net\",\"description\":\"ITM-Sourcing.net\",\"potentialAction\":[{\"@type\":\"SearchAction\",\"target\":{\"@type\":\"EntryPoint\",\"urlTemplate\":\"https:\/\/itmtools.de\/?s={search_term_string}\"},\"query-input\":{\"@type\":\"PropertyValueSpecification\",\"valueRequired\":true,\"valueName\":\"search_term_string\"}}],\"inLanguage\":\"en-US\"}]}<\/script>\n<!-- \/ Yoast SEO plugin. -->","yoast_head_json":{"title":"Warum ITM-Sourcing? - itm-sourcing.net","robots":{"index":"index","follow":"follow","max-snippet":"max-snippet:-1","max-image-preview":"max-image-preview:large","max-video-preview":"max-video-preview:-1"},"canonical":"https:\/\/itmtools.de\/?page_id=70","og_locale":"en_US","og_type":"article","og_title":"Warum ITM-Sourcing? - itm-sourcing.net","og_description":"Warum ITM-Sourcing? Wollen Sie mit Ihrem Team Spitzenleistung dauerhaft sichern und erbringen k\u00f6nnen? Wie wird Spitzenleistung definiert? Wie definieren Sie Spitzenleistung f\u00fcr sich selbst und Ihr Team? In einem sind sich die Experten \u00fcber alle Bereiche hinweg einig: Spitzenleistung ist nur dann dauerhaft m\u00f6glich, wenn wir uns ausschlie\u00dflich auf unsere Kernkompetenz konzentrieren. Was ist Ihre [&hellip;]","og_url":"https:\/\/itmtools.de\/?page_id=70","og_site_name":"itm-sourcing.net","article_publisher":"https:\/\/www.facebook.com\/ITM-GmbH-167575009959452","article_modified_time":"2020-04-06T11:14:46+00:00","og_image":[{"url":"https:\/\/www.itmgmbh.net\/wp-content\/uploads\/2019\/11\/LMjr.jpg","type":"","width":"","height":""}],"twitter_card":"summary_large_image","twitter_site":"@itmgmbh","twitter_misc":{"Est. reading time":"1 minute"},"schema":{"@context":"https:\/\/schema.org","@graph":[{"@type":"WebPage","@id":"https:\/\/itmtools.de\/?page_id=70","url":"https:\/\/itmtools.de\/?page_id=70","name":"Warum ITM-Sourcing? - itm-sourcing.net","isPartOf":{"@id":"https:\/\/itmtools.de\/#website"},"primaryImageOfPage":{"@id":"https:\/\/itmtools.de\/?page_id=70#primaryimage"},"image":{"@id":"https:\/\/itmtools.de\/?page_id=70#primaryimage"},"thumbnailUrl":"https:\/\/www.itmgmbh.net\/wp-content\/uploads\/2019\/11\/LMjr.jpg","datePublished":"2016-11-24T15:14:50+00:00","dateModified":"2020-04-06T11:14:46+00:00","breadcrumb":{"@id":"https:\/\/itmtools.de\/?page_id=70#breadcrumb"},"inLanguage":"en-US","potentialAction":[{"@type":"ReadAction","target":["https:\/\/itmtools.de\/?page_id=70"]}]},{"@type":"ImageObject","inLanguage":"en-US","@id":"https:\/\/itmtools.de\/?page_id=70#primaryimage","url":"https:\/\/www.itmgmbh.net\/wp-content\/uploads\/2019\/11\/LMjr.jpg","contentUrl":"https:\/\/www.itmgmbh.net\/wp-content\/uploads\/2019\/11\/LMjr.jpg"},{"@type":"BreadcrumbList","@id":"https:\/\/itmtools.de\/?page_id=70#breadcrumb","itemListElement":[{"@type":"ListItem","position":1,"name":"Home","item":"https:\/\/itmtools.de\/"},{"@type":"ListItem","position":2,"name":"Warum ITM-Sourcing?"}]},{"@type":"WebSite","@id":"https:\/\/itmtools.de\/#website","url":"https:\/\/itmtools.de\/","name":"itm-sourcing.net","description":"ITM-Sourcing.net","potentialAction":[{"@type":"SearchAction","target":{"@type":"EntryPoint","urlTemplate":"https:\/\/itmtools.de\/?s={search_term_string}"},"query-input":{"@type":"PropertyValueSpecification","valueRequired":true,"valueName":"search_term_string"}}],"inLanguage":"en-US"}]}},"_links":{"self":[{"href":"https:\/\/itmtools.de\/index.php?rest_route=\/wp\/v2\/pages\/70","targetHints":{"allow":["GET"]}}],"collection":[{"href":"https:\/\/itmtools.de\/index.php?rest_route=\/wp\/v2\/pages"}],"about":[{"href":"https:\/\/itmtools.de\/index.php?rest_route=\/wp\/v2\/types\/page"}],"author":[{"embeddable":true,"href":"https:\/\/itmtools.de\/index.php?rest_route=\/wp\/v2\/users\/1"}],"replies":[{"embeddable":true,"href":"https:\/\/itmtools.de\/index.php?rest_route=%2Fwp%2Fv2%2Fcomments&post=70"}],"version-history":[{"count":14,"href":"https:\/\/itmtools.de\/index.php?rest_route=\/wp\/v2\/pages\/70\/revisions"}],"predecessor-version":[{"id":191,"href":"https:\/\/itmtools.de\/index.php?rest_route=\/wp\/v2\/pages\/70\/revisions\/191"}],"wp:attachment":[{"href":"https:\/\/itmtools.de\/index.php?rest_route=%2Fwp%2Fv2%2Fmedia&parent=70"}],"curies":[{"name":"wp","href":"https:\/\/api.w.org\/{rel}","templated":true}]}}