{"id":6,"date":"2016-11-24T09:01:01","date_gmt":"2016-11-24T09:01:01","guid":{"rendered":"http:\/\/v2.itmgmbh.net\/wordpress\/?page_id=6"},"modified":"2020-04-06T11:15:27","modified_gmt":"2020-04-06T11:15:27","slug":"was-ist-itm-sourcing","status":"publish","type":"page","link":"https:\/\/itmtools.de\/?page_id=6","title":{"rendered":"Was ist  ITM-Sourcing?"},"content":{"rendered":"<div id=\"pl-6\"  class=\"panel-layout\" ><div id=\"pg-6-0\"  class=\"panel-grid panel-has-style\" ><div class=\"siteorigin-panels-stretch panel-row-style panel-row-style-for-6-0\" data-stretch-type=\"full-stretched\" ><div id=\"pgc-6-0-0\"  class=\"panel-grid-cell\" ><div id=\"panel-6-0-0-0\" class=\"so-panel widget widget_sow-editor panel-first-child panel-last-child\" data-index=\"0\" ><div class=\"container panel-widget-style panel-widget-style-for-6-0-0-0\" ><div\n\t\t\t\n\t\t\tclass=\"so-widget-sow-editor so-widget-sow-editor-base\"\n\t\t\t\n\t\t>\n<div class=\"siteorigin-widget-tinymce textwidget\">\n\t<h1 class=\"animated fadeInUp thin-black\" style=\"text-align: center;background:rgba(0,0,0,0.1);\">Was ist ITM-Sourcing?<\/h1>\n<hr class=\"soften\" \/>\n\n<div class=\"su-row\"><div class=\"su-column su-column-size-1-2\"><div class=\"su-column-inner su-u-clearfix su-u-trim\">\n<div class=\"col-md-3\"><img decoding=\"async\" class=\"img-circle img-responsive img-thumbnail center-block\" src=\"https:\/\/www.itmgmbh.net\/wp-content\/uploads\/2019\/11\/LMjr.jpg\" alt=\"Ljube Mikulovic\" width=\"150\" \/><\/div>\n<div class=\"col-md-9\">\n<ul class=\"list-group\" style=\"margin-top: 10px;\">\n \t<li class=\"list-group-item line-group-item-pad3 center\"><span class=\"label label-danger\">Ansprechpartner:<\/span>\u00a0\u00a0Ljube Mikulovic jun.<\/li>\n \t<li class=\"list-group-item line-group-item-pad3 center\"><em class=\"fa fa-phone fa-lg red\">\u00a0 \u00a0<\/em>+49 8031 3506200<\/li>\n \t<li class=\"list-group-item line-group-item-pad3 center\"><em class=\"fa fa-envelope red\">\u00a0\u00a0<\/em> <a href=\"mailto:info@itmgmbh.net\">info(at)itmgmbh.net<\/a><\/li>\n<\/ul><\/div>\n<div class=\"clearfix\"><\/div>\n<\/div><\/div>\n<div class=\"su-column su-column-size-1-2\"><div class=\"su-column-inner su-u-clearfix su-u-trim\">\n<div class=\"col-md-3\"><img decoding=\"async\" class=\"img-responsive img-circle img-thumbnail center-block\" src=\"https:\/\/itmtools.de\/wp-content\/uploads\/2019\/11\/LM.jpg\" alt=\"Ljubodrag Mikulovic\" width=\"150\" \/><\/div>\n<div class=\"col-md-9\">\n<ul class=\"list-group\" style=\"margin-top: 10px;\">\n \t<li class=\"list-group-item line-group-item-pad3 center\"><span class=\"label label-danger\">Ansprechpartner:<\/span>\u00a0\u00a0Ljubodrag Mikulovic<\/li>\n \t<li class=\"list-group-item line-group-item-pad3 center\"><em class=\"fa fa-phone fa-lg red\">\u00a0 \u00a0<\/em>+49 8031 3506200<\/li>\n \t<li class=\"list-group-item line-group-item-pad3 center\"><em class=\"fa fa-envelope red\">\u00a0 <a href=\"mailto:l.mikulovic@itmgmbh.net\">l.mikulovic(at)itmgmbh.net<\/a>\n<\/em><\/li>\n<\/ul>\n<\/div>\n<div class=\"clearfix\"><\/div>\n<\/div><\/div><\/div><\/div>\n<\/div><\/div><\/div><\/div><\/div><\/div><div id=\"pg-6-1\"  class=\"panel-grid panel-has-style\" ><div class=\"container panel-row-style panel-row-style-for-6-1\" ><div id=\"pgc-6-1-0\"  class=\"panel-grid-cell\" ><div id=\"panel-6-1-0-0\" class=\"so-panel widget widget_sow-editor panel-first-child panel-last-child\" data-index=\"1\" ><div class=\"container panel-widget-style panel-widget-style-for-6-1-0-0\" ><div\n\t\t\t\n\t\t\tclass=\"so-widget-sow-editor so-widget-sow-editor-base\"\n\t\t\t\n\t\t>\n<div class=\"siteorigin-widget-tinymce textwidget\">\n\t<h3>DAS SOLLTEN SIE WISSEN, WENN SIE \u00dcBER IT-OUTSOURCING\/APPLICATION SERVICE PROVIDING NACHDENKEN!<\/h3>\n<p>ITM Sourcing ist stabil, sicher, einfach, flexibel und spart Zeit und Kosten. Sie k\u00f6nnen sich dabei mit Ihrem Team voll auf Ihr Kerngesch\u00e4ft konzentrieren.<\/p>\n<p>Die regelm\u00e4\u00dfige Erneuerung Ihrer IT-Umgebung und ebenso aufwendiger IT-Support bei Ihnen vor Ort entfallen.<\/p>\n<p>Sie befreien sich von der Last st\u00e4ndiger Updates, denn diese werden zuverl\u00e4ssig und zeitnah erledigt.<\/p>\n<p>Und Sie sparen Kosten: Durch den Betrieb im DATEV-Rechenzentrum werden Synergieeffekte erzielt, die ein Einzelunternehmen in dieser Form nicht erreichen kann.<\/p>\n<\/div>\n<\/div><\/div><\/div><\/div><div id=\"pgc-6-1-1\"  class=\"panel-grid-cell\" ><div id=\"panel-6-1-1-0\" class=\"so-panel widget widget_sow-editor panel-first-child panel-last-child\" data-index=\"2\" ><div class=\"container panel-widget-style panel-widget-style-for-6-1-1-0\" ><div\n\t\t\t\n\t\t\tclass=\"so-widget-sow-editor so-widget-sow-editor-base\"\n\t\t\t\n\t\t>\n<div class=\"siteorigin-widget-tinymce textwidget\">\n\t<p>&nbsp;<\/p>\n<p><a href=\"https:\/\/itmtools.de\/wp-content\/uploads\/2016\/12\/shema-net-neu1.jpg\" rel=\"lightbox\" data-rel=\"lightbox-image-0\" data-rl_title=\"\" data-rl_caption=\"\" title=\"\"><img decoding=\"async\" class=\"img-responsive center-block img-thumbnail aligncenter wp-image-111 size-full\" src=\"https:\/\/itmtools.de\/wp-content\/uploads\/2016\/12\/shema-net-neu1.jpg\" \/><\/a><\/p>\n<\/div>\n<\/div><\/div><\/div><\/div><\/div><\/div><div id=\"pg-6-2\"  class=\"panel-grid panel-has-style\" ><div class=\"siteorigin-panels-stretch panel-row-style panel-row-style-for-6-2\" data-stretch-type=\"full-stretched\" ><div id=\"pgc-6-2-0\"  class=\"panel-grid-cell\" ><div id=\"panel-6-2-0-0\" class=\"so-panel widget widget_sow-editor panel-first-child panel-last-child\" data-index=\"3\" ><div class=\"container panel-widget-style panel-widget-style-for-6-2-0-0\" ><div\n\t\t\t\n\t\t\tclass=\"so-widget-sow-editor so-widget-sow-editor-base\"\n\t\t\t\n\t\t>\n<div class=\"siteorigin-widget-tinymce textwidget\">\n\t<div class=\"su-row\">\n<div class=\"su-column su-column-size-1-3\"><div class=\"su-column-inner su-u-clearfix su-u-trim\">\n<h4>Was ist ITM Sourcing?<\/h4>\nIm DATEV Rechenzentrum werden Ihre Server und Anwendungen betrieben. \u00dcber eine Internetanbindung haben Sie und Ihr Team Zugriff auf die Server und k\u00f6nnen die Anwendungen nutzen. Alle im Unternehmen verf\u00fcgbaren Applikationen sind netzwerk- und rechnerunabh\u00e4ngig auf der ganzen Welt verf\u00fcgbar.\n\nITM-Sourcing &#8211; ITM ASP im DATEV Rechenzentrum.<\/div><\/div>\n<div class=\"su-column su-column-size-1-3\"><div class=\"su-column-inner su-u-clearfix su-u-trim\">\n<h4>Wie teilen sich DATEV und ITM die Aufgaben?<\/h4>\nBestandteil des ITM Sourcing ist das DATEV-Rechenzentrum in N\u00fcrnberg \u2013 wir partizipieren im komplettem Umfang von den Schl\u00fcsseltechnologien des Branchenf\u00fchrers (DATEV). Gemeinsam mit DATEV wurden die Grundlagen zur Zusammenarbeit beim Thema DATEV IT-Sourcing geschaffen. Wir, die ITM GmbH \u00fcbernehmen die technische Bereitstellung und laufende Betreuung f\u00fcr unsere Kunden im DATEV-Rechenzentrum.<\/div><\/div>\n<div class=\"su-column su-column-size-1-3\"><div class=\"su-column-inner su-u-clearfix su-u-trim\">\n<h4>Wie sicher ist ITM Sourcing?<\/h4>\nWir bieten unseren Kunden die DATEV-Sicherheit an. Moderne, innovative und stabile IT-Technik bei entsprechend hochentwickelter Sicherheitsstruktur (Brandschutz, redundante Stromversorgung, mehrstufige Zutrittskontrolle, etc.). Alle Daten werden bei der \u00dcbertragung \u00fcber das Internet verschl\u00fcsselt bzw. \u00fcber sichere Leitungen \u00fcbertragen. Und das alles bei einer sehr hohen Verf\u00fcgbarkeit.<\/div><\/div>\n<\/div><\/div>\n<\/div><\/div><\/div><\/div><\/div><\/div><\/div>","protected":false},"excerpt":{"rendered":"<p>Was ist ITM-Sourcing? DAS SOLLTEN SIE WISSEN, WENN SIE \u00dcBER IT-OUTSOURCING\/APPLICATION SERVICE PROVIDING NACHDENKEN! ITM Sourcing ist stabil, sicher, einfach, flexibel und spart Zeit und Kosten. Sie k\u00f6nnen sich dabei mit Ihrem Team voll auf Ihr Kerngesch\u00e4ft konzentrieren. Die regelm\u00e4\u00dfige Erneuerung Ihrer IT-Umgebung und ebenso aufwendiger IT-Support bei Ihnen vor Ort entfallen. Sie befreien sich [&hellip;]<\/p>\n","protected":false},"author":1,"featured_media":0,"parent":0,"menu_order":0,"comment_status":"closed","ping_status":"closed","template":"","meta":{"footnotes":""},"class_list":["post-6","page","type-page","status-publish","hentry"],"yoast_head":"<!-- This site is optimized with the Yoast SEO plugin v27.2 - https:\/\/yoast.com\/product\/yoast-seo-wordpress\/ -->\n<title>Was ist ITM-Sourcing? - itm-sourcing.net<\/title>\n<meta name=\"robots\" content=\"index, follow, max-snippet:-1, max-image-preview:large, max-video-preview:-1\" \/>\n<link rel=\"canonical\" href=\"https:\/\/itmtools.de\/?page_id=6\" \/>\n<meta property=\"og:locale\" content=\"en_US\" \/>\n<meta property=\"og:type\" content=\"article\" \/>\n<meta property=\"og:title\" content=\"Was ist ITM-Sourcing? - itm-sourcing.net\" \/>\n<meta property=\"og:description\" content=\"Was ist ITM-Sourcing? DAS SOLLTEN SIE WISSEN, WENN SIE \u00dcBER IT-OUTSOURCING\/APPLICATION SERVICE PROVIDING NACHDENKEN! ITM Sourcing ist stabil, sicher, einfach, flexibel und spart Zeit und Kosten. Sie k\u00f6nnen sich dabei mit Ihrem Team voll auf Ihr Kerngesch\u00e4ft konzentrieren. Die regelm\u00e4\u00dfige Erneuerung Ihrer IT-Umgebung und ebenso aufwendiger IT-Support bei Ihnen vor Ort entfallen. Sie befreien sich [&hellip;]\" \/>\n<meta property=\"og:url\" content=\"https:\/\/itmtools.de\/?page_id=6\" \/>\n<meta property=\"og:site_name\" content=\"itm-sourcing.net\" \/>\n<meta property=\"article:publisher\" content=\"https:\/\/www.facebook.com\/ITM-GmbH-167575009959452\" \/>\n<meta property=\"article:modified_time\" content=\"2020-04-06T11:15:27+00:00\" \/>\n<meta property=\"og:image\" content=\"https:\/\/www.itmgmbh.net\/wp-content\/uploads\/2019\/11\/LMjr.jpg\" \/>\n<meta name=\"twitter:card\" content=\"summary_large_image\" \/>\n<meta name=\"twitter:site\" content=\"@itmgmbh\" \/>\n<meta name=\"twitter:label1\" content=\"Est. reading time\" \/>\n\t<meta name=\"twitter:data1\" content=\"2 minutes\" \/>\n<script type=\"application\/ld+json\" class=\"yoast-schema-graph\">{\"@context\":\"https:\/\/schema.org\",\"@graph\":[{\"@type\":\"WebPage\",\"@id\":\"https:\/\/itmtools.de\/?page_id=6\",\"url\":\"https:\/\/itmtools.de\/?page_id=6\",\"name\":\"Was ist ITM-Sourcing? - itm-sourcing.net\",\"isPartOf\":{\"@id\":\"https:\/\/itmtools.de\/#website\"},\"primaryImageOfPage\":{\"@id\":\"https:\/\/itmtools.de\/?page_id=6#primaryimage\"},\"image\":{\"@id\":\"https:\/\/itmtools.de\/?page_id=6#primaryimage\"},\"thumbnailUrl\":\"https:\/\/www.itmgmbh.net\/wp-content\/uploads\/2019\/11\/LMjr.jpg\",\"datePublished\":\"2016-11-24T09:01:01+00:00\",\"dateModified\":\"2020-04-06T11:15:27+00:00\",\"breadcrumb\":{\"@id\":\"https:\/\/itmtools.de\/?page_id=6#breadcrumb\"},\"inLanguage\":\"en-US\",\"potentialAction\":[{\"@type\":\"ReadAction\",\"target\":[\"https:\/\/itmtools.de\/?page_id=6\"]}]},{\"@type\":\"ImageObject\",\"inLanguage\":\"en-US\",\"@id\":\"https:\/\/itmtools.de\/?page_id=6#primaryimage\",\"url\":\"https:\/\/www.itmgmbh.net\/wp-content\/uploads\/2019\/11\/LMjr.jpg\",\"contentUrl\":\"https:\/\/www.itmgmbh.net\/wp-content\/uploads\/2019\/11\/LMjr.jpg\"},{\"@type\":\"BreadcrumbList\",\"@id\":\"https:\/\/itmtools.de\/?page_id=6#breadcrumb\",\"itemListElement\":[{\"@type\":\"ListItem\",\"position\":1,\"name\":\"Home\",\"item\":\"https:\/\/itmtools.de\/\"},{\"@type\":\"ListItem\",\"position\":2,\"name\":\"Was ist ITM-Sourcing?\"}]},{\"@type\":\"WebSite\",\"@id\":\"https:\/\/itmtools.de\/#website\",\"url\":\"https:\/\/itmtools.de\/\",\"name\":\"itm-sourcing.net\",\"description\":\"ITM-Sourcing.net\",\"potentialAction\":[{\"@type\":\"SearchAction\",\"target\":{\"@type\":\"EntryPoint\",\"urlTemplate\":\"https:\/\/itmtools.de\/?s={search_term_string}\"},\"query-input\":{\"@type\":\"PropertyValueSpecification\",\"valueRequired\":true,\"valueName\":\"search_term_string\"}}],\"inLanguage\":\"en-US\"}]}<\/script>\n<!-- \/ Yoast SEO plugin. -->","yoast_head_json":{"title":"Was ist ITM-Sourcing? - itm-sourcing.net","robots":{"index":"index","follow":"follow","max-snippet":"max-snippet:-1","max-image-preview":"max-image-preview:large","max-video-preview":"max-video-preview:-1"},"canonical":"https:\/\/itmtools.de\/?page_id=6","og_locale":"en_US","og_type":"article","og_title":"Was ist ITM-Sourcing? - itm-sourcing.net","og_description":"Was ist ITM-Sourcing? DAS SOLLTEN SIE WISSEN, WENN SIE \u00dcBER IT-OUTSOURCING\/APPLICATION SERVICE PROVIDING NACHDENKEN! ITM Sourcing ist stabil, sicher, einfach, flexibel und spart Zeit und Kosten. Sie k\u00f6nnen sich dabei mit Ihrem Team voll auf Ihr Kerngesch\u00e4ft konzentrieren. Die regelm\u00e4\u00dfige Erneuerung Ihrer IT-Umgebung und ebenso aufwendiger IT-Support bei Ihnen vor Ort entfallen. Sie befreien sich [&hellip;]","og_url":"https:\/\/itmtools.de\/?page_id=6","og_site_name":"itm-sourcing.net","article_publisher":"https:\/\/www.facebook.com\/ITM-GmbH-167575009959452","article_modified_time":"2020-04-06T11:15:27+00:00","og_image":[{"url":"https:\/\/www.itmgmbh.net\/wp-content\/uploads\/2019\/11\/LMjr.jpg","type":"","width":"","height":""}],"twitter_card":"summary_large_image","twitter_site":"@itmgmbh","twitter_misc":{"Est. reading time":"2 minutes"},"schema":{"@context":"https:\/\/schema.org","@graph":[{"@type":"WebPage","@id":"https:\/\/itmtools.de\/?page_id=6","url":"https:\/\/itmtools.de\/?page_id=6","name":"Was ist ITM-Sourcing? - itm-sourcing.net","isPartOf":{"@id":"https:\/\/itmtools.de\/#website"},"primaryImageOfPage":{"@id":"https:\/\/itmtools.de\/?page_id=6#primaryimage"},"image":{"@id":"https:\/\/itmtools.de\/?page_id=6#primaryimage"},"thumbnailUrl":"https:\/\/www.itmgmbh.net\/wp-content\/uploads\/2019\/11\/LMjr.jpg","datePublished":"2016-11-24T09:01:01+00:00","dateModified":"2020-04-06T11:15:27+00:00","breadcrumb":{"@id":"https:\/\/itmtools.de\/?page_id=6#breadcrumb"},"inLanguage":"en-US","potentialAction":[{"@type":"ReadAction","target":["https:\/\/itmtools.de\/?page_id=6"]}]},{"@type":"ImageObject","inLanguage":"en-US","@id":"https:\/\/itmtools.de\/?page_id=6#primaryimage","url":"https:\/\/www.itmgmbh.net\/wp-content\/uploads\/2019\/11\/LMjr.jpg","contentUrl":"https:\/\/www.itmgmbh.net\/wp-content\/uploads\/2019\/11\/LMjr.jpg"},{"@type":"BreadcrumbList","@id":"https:\/\/itmtools.de\/?page_id=6#breadcrumb","itemListElement":[{"@type":"ListItem","position":1,"name":"Home","item":"https:\/\/itmtools.de\/"},{"@type":"ListItem","position":2,"name":"Was ist ITM-Sourcing?"}]},{"@type":"WebSite","@id":"https:\/\/itmtools.de\/#website","url":"https:\/\/itmtools.de\/","name":"itm-sourcing.net","description":"ITM-Sourcing.net","potentialAction":[{"@type":"SearchAction","target":{"@type":"EntryPoint","urlTemplate":"https:\/\/itmtools.de\/?s={search_term_string}"},"query-input":{"@type":"PropertyValueSpecification","valueRequired":true,"valueName":"search_term_string"}}],"inLanguage":"en-US"}]}},"_links":{"self":[{"href":"https:\/\/itmtools.de\/index.php?rest_route=\/wp\/v2\/pages\/6","targetHints":{"allow":["GET"]}}],"collection":[{"href":"https:\/\/itmtools.de\/index.php?rest_route=\/wp\/v2\/pages"}],"about":[{"href":"https:\/\/itmtools.de\/index.php?rest_route=\/wp\/v2\/types\/page"}],"author":[{"embeddable":true,"href":"https:\/\/itmtools.de\/index.php?rest_route=\/wp\/v2\/users\/1"}],"replies":[{"embeddable":true,"href":"https:\/\/itmtools.de\/index.php?rest_route=%2Fwp%2Fv2%2Fcomments&post=6"}],"version-history":[{"count":24,"href":"https:\/\/itmtools.de\/index.php?rest_route=\/wp\/v2\/pages\/6\/revisions"}],"predecessor-version":[{"id":167,"href":"https:\/\/itmtools.de\/index.php?rest_route=\/wp\/v2\/pages\/6\/revisions\/167"}],"wp:attachment":[{"href":"https:\/\/itmtools.de\/index.php?rest_route=%2Fwp%2Fv2%2Fmedia&parent=6"}],"curies":[{"name":"wp","href":"https:\/\/api.w.org\/{rel}","templated":true}]}}